6)). Suppose -90 = -5*t + 2*n, 7*t - 9*t = 3*n - 17. What is the highest common divisor of t and v?
16
Suppose 155 = 11*o + 78. Suppose -o*h + 530 = 4*c - 4*h, 0 = -2*c - h + 266. What is the highest common divisor of 2 and c?
2
Let j be (-2205)/1323 + 112/6. Calculate the greatest common divisor of j and 137.
1
Let b be (-30)/(-12) + 4/8. Suppose -83 = -b*t + 349. Calculate the greatest common factor of t and 16.
16
Suppose -39*v + 38*v = -9. Suppose 19 = 3*r - 2*y, -17 = -5*r + 4*y + 12. Calculate the highest common divisor of v and r.
9
Suppose 467*r - 4 = 469*r - 24. Suppose -2*j + 2 = 0, -3*u + 0*u - 2*j + 14 = 0. What is the highest common divisor of r and u?
2
Suppose 3*t - 4*q - 34 = -13, 5*t + q = 12. Let w be (30/9 - t)*27. Let f be -9*w/(108/(-56)). Calculate the greatest common divisor of f and 14.
14
Suppose u - 129622 = 205*h - 207*h, 4*h + u - 259246 = 0. What is the greatest common divisor of h and 132?
132
Let d be ((-178)/6)/(19/684). Let h be d/(-30) + 6/(-10). Suppose -2*q = 5*c - h, -2*c - c = -q - 10. Calculate the greatest common divisor of 35 and c.
5
Let t(h) = -h**2 - 40*h + 134. Let p be t(-43). Suppose p*j + 5*a = 50, 2 = -3*j - 0*a + 5*a. Calculate the highest common factor of j and 222.
6
Let i(w) = 2*w**3 - 5*w**2 + 2*w + 1. Let v be i(3). Let u = -29541 + 29621. Calculate the highest common factor of v and u.
16
Suppose -5*c - 4*x = -5181, 5*c + 1116 = 4*x + 6305. What is the highest common divisor of 610 and c?
61
Let g(q) = q**2 + 46*q + 1. Let j = 112 - 158. Let t be g(j). What is the greatest common factor of 4 and t?
1
Suppose 927 = 3*q + 5*d, 0 = -15*q + 14*q + 5*d + 309. Let l = q - 306. What is the greatest common divisor of 33 and l?
3
Suppose -750*a - 2*p = -745*a - 3801, 3*p + 3027 = 4*a. Calculate the highest common factor of a and 44.
11
Suppose 6057 = 28*k - 19*k. Let p = 675 - k. What is the highest common divisor of p and 15?
1
Let p(g) = 46*g**2 - 538*g + 4994. Let z be p(9). What is the highest common divisor of 182 and z?
14
Suppose 2*j = -2, -j = -4*n - 0*j - 387. Let t = 97 + n. Suppose t = 3*l - y - 197 - 927, 2*l - 4*y - 756 = 0. Calculate the greatest common factor of l and 34.
34
Let h(z) = -11*z + 176. Let a be h(16). Suppose 5 = 3*b - 1, a = 4*w + 5*b - 1750. What is the greatest common factor of w and 15?
15
Let j be 17/((-10)/(-8) + (-2)/2). Suppose -4*g + 1093 = -c, 19*g - 292 = 18*g + 4*c. Calculate the greatest common divisor of j and g.
68
Let d(m) = 61*m + 190. Let k be d(8). Calculate the greatest common factor of k and 48.
6
Let o = 0 - -11. Suppose -5*l - 34 = -3*z, -2 = -5*l - 27. Suppose -2*y - 66 = -3*u, 88 = 4*u - z*y - y. Calculate the highest common factor of u and o.
11
Let j = -37 + 27. Let o be 0/(j/2 + 4) + 55. Let g(l) = l**3 - 2*l + 1. Let w be g(2). Calculate the highest common factor of o and w.
5
Suppose 3*j + 36 = c, -c + 124 = -2*j + 85. What is the greatest common divisor of c and 324?
9
Let k = -9 + 12. Suppose a - k*a + 4*g = -56, -5*a + g = -149. Let c(l) = l**3 - 5*l**2 - 2*l + 6. Let v be c(6). What is the greatest common factor of a and v?
30
Let n(a) = a + 17. Suppose 0 = -y - 3*x + 2*x - 14, -y + x = 8. Let c be n(y). Suppose 0 = -2*r - c*r + 448. Calculate the highest common factor of 14 and r.
14
Let n = 105 + -61. Let t be 2/9 - 1866210/(-135). Let p be t/126 + (-4)/(-14). What is the highest common factor of n and p?
22
Let r = 20387 + -5632. What is the highest common divisor of r and 65?
65
Let w(c) = -3*c**2 + 25*c + 17. Let b be w(9). Let y be (b/(-3))/((-2)/(-30)) - -94. Calculate the highest common factor of y and 9.
9
Suppose -2*v = 2*v - 4. Let h(g) = -g**3 - 61*g**2 - 123*g - 264. Let u be h(-59). Calculate the highest common factor of u and v.
1
Let j(m) = -85*m**3 - m**2 + 7*m + 7. Let p be j(-2). Suppose 29*i - 10 = 31*i, 2*q - p = -3*i. What is the highest common divisor of 76 and q?
38
Let c = 174 - 304. Let u = c + 230. Suppose -4*f + r + u = 0, -5*f + 125 = -0*r + 5*r. What is the greatest common divisor of 125 and f?
25
Suppose -5*a - 3*d = 2*d - 1090, -2*d - 221 = -a. Let h = a - 97. Let w = 265 - h. Calculate the highest common divisor of 13 and w.
13
Let y = 19906 + -17421. Calculate the highest common factor of y and 385.
35
Let w = -4901 + 8404. What is the greatest common divisor of w and 31?
31
Suppose -12 = -3*h, 14*q - 9*q + 2 = 3*h. Calculate the highest common factor of 71 and q.
1
Let h(k) = -362*k - 1666. Let t be h(-5). Calculate the greatest common divisor of 153 and t.
9
Let w be 10 + -9 - (-1 + -46). Suppose -53*o = -w*o - 230. Let a = -39 + o. Calculate the greatest common factor of a and 63.
7
Let j be 6898/(-1) - (6 + -3 + 2). Let k be (-25)/3*j/295. Let v be -2 + 1 - -38 - -2. What is the highest common factor of k and v?
39
Let l(f) = -124*f + 2384. Let z be l(19). What is the highest common divisor of z and 1316?
28
Suppose 0 = -8*q + 5*q - 174. Let b = 55 + q. Let d = b + 133. Calculate the highest common factor of d and 52.
26
Let l = -8891 + 9121. What is the highest common divisor of l and 430?
10
Suppose 0 = -53*d + 107*d - 129600. What is the greatest common factor of 550 and d?
50
Let s be (-15)/9*(-33792)/1280. Calculate the highest common divisor of 212 and s.
4
Suppose 0*h = 5*h + v - 190, 3*h - 4*v - 114 = 0. Suppose 6*c = c + 171 + 19. Calculate the greatest common factor of c and h.
38
Suppose 55 = -132*v + 2475 - 308. Calculate the highest common divisor of v and 128.
16
Let s(d) = 2*d**3 - 15*d**2 + 61*d + 9. Let y be s(3). What is the greatest common factor of 5 and y?
1
Let c be (-21 + 15)*4/(16/126). Let b = -149 - c. Calculate the greatest common divisor of 90 and b.
10
Suppose -v + 0*z = 3*z + 71, -z = 5*v + 313. Let r = v - -66. Suppose 75 = r*s + 5*h, -5*h + h = 2*s - 42. What is the greatest common factor of s and 120?
15
Suppose -1155*p + 1157*p - 1782 = -2*j, 3558 = 4*j + p. What is the greatest common divisor of j and 28?
7
Suppose -4*q = -32 + 28. Suppose l = -q + 3. Suppose -j + 3*o + 30 = l*j, 4*o - 15 = -j. Calculate the highest common factor of j and 1.
1
Suppose -5 = 7*h - 5. Suppose -4*s + 7*s - 30 = h. Let c be s/15 - (-98)/6. What is the greatest common factor of c and 153?
17
Let u be (-17 + 20)*(-2 - -1). Let n(i) = -9*i**3 + 2*i**2 - 6. Let l be n(u). Calculate the greatest common factor of 102 and l.
51
Let q = 565 - 565. Suppose q = -s + 2*m + 39, -2*s - 41 + 122 = -3*m. What is the greatest common divisor of s and 30?
15
Let g be (-2277)/(-63) - ((-2)/(-14) - 0). Calculate the highest common divisor of 324 and g.
36
Let k = 55 - 13. Suppose -n = 2*f - 194 - k, -718 = -3*n + 4*f. Calculate the greatest common factor of 17 and n.
17
Suppose 14*t + 5*o - 374 = 10*t, -t = 2*o - 95. Suppose -237 = -2*n - t. Calculate the greatest common divisor of 146 and n.
73
Let c = 234 - -293. Calculate the highest common factor of 34 and c.
17
Let u(j) = -164*j**3 + 3*j**2 + 4*j + 1. Let q be u(-1). Calculate the highest common factor of 76 and q.
4
Let b(g) = -180*g + 3460. Let l be b(16). What is the highest common factor of l and 5365?
145
Let w(d) = d**3 - 19*d**2 + 39*d + 40. Let v be w(19). Let p(c) = 3*c**3 - c**2 + c - 4. Let a be p(3). Calculate the highest common divisor of a and v.
71
Let r be (5 - 0 - -5) + -8. Suppose 0 = -r*h - 20 + 50. Let c be (-47)/(-5) - (-2)/(-5). Calculate the greatest common divisor of c and h.
3
Let d = -159 - -162. Suppose -138 = -3*j - 2*c - 2*c, 2*c - 48 = -j. Calculate the greatest common divisor of j and d.
3
Suppose -204 = 13*q - 30*q. Suppose -w + 88 = -14. What is the greatest common factor of q and w?
6
Let c = 173 + -13. Suppose -7*p = 9*p - c. Calculate the highest common factor of p and 20.
10
Let z = 24 + -14. Suppose 769*p + 1540 = 774*p + 5*s, -2*s = 4*p - 1236. What is the highest common factor of z and p?
10
Let o be (-1)/(-6)*-13 - (-18)/108. Let s be (o/3)/(17/(-2448)). What is the greatest common factor of s and 18?
6
Suppose 7*p = p - 42. Let y(a) = a**2 - 4*a - 41. Let u be y(p). What is the greatest common divisor of u and 20?
4
Suppose -4*s - 3*y + 792 = -739, -y = 3. Let z be -20*(132/16)/(-3). What is the highest common factor of s and z?
55
Let g(s) = -3*s + 100. Let f be g(21). Let x = f + -26. Suppose 3*b = 2*b 